x - 5*x + 26. Determine p(x).
-5
Let y be (-3 - -2)*(-4 - -5). Let o be y/(-4) + (-1)/4. Let b(j) = -2*j + j + o*j + 2*j. What is b(3)?
3
Let g(w) be the second derivative of -w**4/12 + w**3/6 - w**2/2 + w. Let b be (-112)/20 + 4 - 161/(-35). Give g(b).
-7
Let p(n) be the first derivative of -n**3/3 + 5*n**2/2 + 6*n + 167. Determine p(6).
0
Let c(f) = -f**2 - 9*f - 5. Suppose 2*s + 2 = -5*i - 32, -2*i + 5*s - 31 = 0. Give c(i).
3
Let q(v) = 511*v**3 - 9*v + 2*v**2 + 11 - 510*v**3 + 6*v**2. Determine q(-9).
11
Let p(z) = z**3 - 8*z**2 + 8*z + 5. Suppose 2*g + 12 = n, -3*g - 39 + 12 = -3*n. What is p(n)?
-19
Let m(j) = 5 + 5 - 11*j - 7*j + 15*j. Calculate m(8).
-14
Let j be ((0 - 3) + 2)*(48 + -26). Let x(p) = -p**2 - 24*p - 29. Determine x(j).
15
Let m(f) = -6*f**2 + 3 + 5*f + 3*f**2 + 1 + 2*f**2. Let r(o) = 7*o**2 + 2*o + 1. Let t be r(-1). Give m(t).
-2
Let i(w) be the second derivative of w**5/20 - w**4/12 - w**3/3 - 3*w**2/2 + 1206*w. Suppose 2*y = -0*y - 5*j - 9, -y - 6 = 4*j. Give i(y).
-11
Let z(j) be the first derivative of j**6/60 - j**5/120 + j**4/24 + 4*j**3/3 + 1. Let q(a) be the third derivative of z(a). Suppose -52*u = -43*u - 9. Give q(u).
6
Let m be (-160)/(-60) + 1/(1 + 2). Let f(v) = -6 - 6 - m*v - 6 - 2*v**2 + 20. Determine f(3).
-25
Let l = 1368 - 1366. Let w(d) be the first derivative of 1/2*d**l - 3 + 2*d - 1/3*d**3. Give w(-2).
-4
Let y(a) = a**2. Let s(o) = -10*o**2 + o + 1. Let x(h) = -s(h) - 3*y(h). Let k(r) = r**3 - 5*r**2 - 2 + 1 - r**2. Let z be k(6). What is x(z)?
7
Let k(l) = 5 + 16 + 2*l - 22 + l**2. Determine k(3).
14
Let p(d) be the first derivative of -d**2/2 - 64. Calculate p(7).
-7
Let o(c) = c - 16. Suppose -5*a - 3*l = -2*l - 61, 2*a - 34 = 2*l. Let j be o(a). Let t(s) = 2*s. Give t(j).
-6
Suppose 0 = 5*m + t - 499, -3*m + 9*t = 8*t - 301. Let d = -101 + m. Let l(f) = f**2 - f - 1. Determine l(d).
1
Let m be 1 - -3 - (-1 + 1)/(-2). Let v = m - 9. Let g(o) = 0 + o + 5 - 2. What is g(v)?
-2
Let z(b) = -4*b**3 + 4*b**2 - 4*b - 2. Let u be 1*((-10)/(-5) - 7). Let g(a) = -3*a**3 + 3*a**2 - 3*a - 3. Let d(o) = u*g(o) + 4*z(o). Determine d(0).
7
Let q be (-20)/18*4/(-16)*18. Let o(i) = -2*i + 6. Give o(q).
-4
Let n(g) = -g**2 - g. Let c = 25 + -27. Let o be n(c). Let m(w) = -w**2 - 5*w - 3. Calculate m(o).
3
Let b(i) = 3*i**3 - 3*i**2 + i + 2. Let n(y) = -y - 1. Let d be n(-14). Suppose 2*c + 3*s + 11 = 0, -c - 2*s = s + d. Calculate b(c).
16
Suppose 9 = 60*h - 57*h. Suppose 0 = -o + 4 + h. Let b(q) = q**2 - 7*q + 4. Determine b(o).
4
Let w(s) = -8*s - 28. Let h be w(-3). Let q(z) = -z**2 - 1 - 6*z - 4 + 0*z**2. Determine q(h).
3
Let y(k) = k. Let v(x) = 1 + 2*x + 2*x - x + 2. Let z(o) = v(o) - 4*y(o). What is z(-4)?
7
Let u(b) = 8*b + 0*b + 4 + 2 + b**2 - 3*b. Let x(c) = -1 - 19 - c - 12 + 3*c. Let j be x(13). Calculate u(j).
12
Let o = -121 - -112. Let s(q) = q**3 + 8*q**2 - 9*q + 3. Determine s(o).
3
Let k(q) = q**3 - 11*q**2 + 10. Let p = 181 - 97. Let x be 0 + p/6 - 3. Give k(x).
10
Let m(k) = -k + 12. Let d be m(6). Let f(o) be the second derivative of -o**5/20 + 7*o**4/12 - 2*o**3/3 - 4*o**2 + 16*o - 65. Give f(d).
4
Let g(x) = x**2 - 6*x + 5. Suppose 2*v = -3*v + 5. Let q(p) = 3*p**2 + 3*p + 1. Let h be q(-2). Let t = h - v. Calculate g(t).
5
Let k(j) = j**2. Let m(r) = 9*r**3 - 2*r**2 + r. Let s(f) = k(f) + m(f). Determine s(1).
9
Let g(x) be the third derivative of -x**4/24 - x**3/6 + x**2. Let b(t) = -t**2 - 381*t - 2625. Let o be b(-7). Calculate g(o).
6
Suppose a + 661 = 670. Let x(w) = -w**3 + 11*w**2 - 16*w - 17. Determine x(a).
1
Let u(c) = -5*c - 8. Let i(j) = 2*j + 3. Let o(k) = -8*i(k) - 3*u(k). Let r be (-7)/(-42) + 0 + 46/12. What is o(r)?
-4
Let n(c) = -c**2 + 9*c - 7. Let d = 10 + -5. Suppose 0 = d*p - 0*k - 3*k - 33, -p = 2*k - 4. Calculate n(p).
11
Let j(u) = -6*u**2 + 12*u - 2. Let a(w) = -7*w**2 + 13*w - 2. Let h(g) = 5*a(g) - 6*j(g). Let i(l) = -138*l + 143. Let o be i(1). Give h(o).
-8
Let o(r) = -r**3 + 7*r**2 + 9*r + 10. Let b be 2/25 + 2772/350. What is o(b)?
18
Let x(u) = -u**2 + 6*u. Let f(h) = -h**2 + 9*h + 2. Let a(v) = -v**2 + 10*v + 2. Let t(i) = 5*a(i) - 6*f(i). Let p be t(5). Suppose -q + 9 = p. What is x(q)?
0
Let z(i) = 4*i - 2. Let n(x) = -x**3 + 8*x**2 + 10*x - 4. Let w be n(9). Suppose -w*a + a = 8. What is z(a)?
-10
Let l(c) = 295 + 304 - 592 - 5*c. Calculate l(5).
-18
Let x(i) = 11*i**3 + 11*i**2 + 6*i - 7. Let g(m) = -2*m**3 - m**2. Let v(l) = 6*g(l) + x(l). What is v(6)?
-7
Suppose -28*d = -24*d - 12. Let o(i) = i**3 - 4*i**2 + 2*i + 3. What is o(d)?
0
Let y(c) be the second derivative of -c**5/20 + 5*c**4/3 + c**2/2 - 10*c + 1. What is y(20)?
1
Let u(b) = -b**3 - 10*b**2 + 10*b + 3. Suppose 4*o = -1 - 43. Let v be u(o). Let m(r) = 6*r + 6*r - 3 - v*r - 2. Calculate m(-6).
7
Let s(x) = -x**3 - 4*x**2 + 7*x + 4. Suppose 5*b - 3*t = -59 - 31, 70 = -5*b - t. Let c = b - -10. Determine s(c).
-6
Let m(q) = -175*q + 6 + 7*q**2 + 0*q**3 + 0*q**2 - q**3 + 171*q. Let r(b) = 4*b**3 - 22*b**2 + 12*b - 19. Let z(j) = 7*m(j) + 2*r(j). What is z(-6)?
-8
Let j(a) be the second derivative of a**5/20 + a**4/4 + a**3/6 + a**2/2 - 3*a. Suppose 6*q + 27 = -3*q. What is j(q)?
-2
Let d(r) = -3*r - 14. Let p be d(-6). Suppose 0 = p*w - w. Let k(i) = 1 + 5 - 1 - i**2. Determine k(w).
5
Let h(k) = 14 + k - 16 + 2*k**2 + 2*k + 0*k**2 + 0*k**2. Determine h(-3).
7
Let s(y) = -4*y - 6. Let l(d) = -9*d + 3. Suppose 6*b = 12*b - 6. Let c be l(b). What is s(c)?
18
Let h be 5/1*(-162)/(-270). Let o(g) be the first derivative of -g**4/8 + g**3/2 - g**2/2 + 2. Let m(t) be the second derivative of o(t). Calculate m(h).
-6
Let a(d) = -d**2 + 6*d + 13. Suppose -n = 4*n - w - 34, 0 = 2*n - 5*w - 9. Calculate a(n).
6
Suppose 3*p - 904 = 5*p. Let u be 3/(-12) - p/16. Suppose -5*o + 3*o = r + 14, -4*o + 2*r - u = 0. Let h(j) = -j**2 - 8*j - 10. What is h(o)?
-3
Let n(x) = x**2 - 8*x + 14. Let p be (-1)/7 - (-116)/28. Give n(p).
-2
Suppose -g + 90 - 102 = 0. Let f(a) = a + 13. Calculate f(g).
1
Let s(v) = -v**3 + 2*v**2. Let i(d) = -6*d**3 + d - 2. Let c(o) = i(o) - s(o). Calculate c(2).
-48
Let s(w) = w - 9*w**3 - 125*w**2 + 62*w**2 + 1 + 62*w**2. Suppose 0 = m - 5*m + o + 22, 17 = 5*m + 4*o. Suppose 3*k = 2 - m. Calculate s(k).
8
Let x = 737 + -733. Let q(u) = u**3 - 4*u**2 + 3*u - 4. Determine q(x).
8
Let h(s) = s**2 - s - 2. Suppose 2*l + 6 = 0, -3*w + 5*l + 29 - 5 = 0. Suppose w*b = 8*b + 10. Give h(b).
4
Let z = -28 + 23. Let b(g) = g**3 + 6*g**2 + 5*g. Determine b(z).
0
Let z = 62 - 59. Let w(j) = 2*j**2 - 5*j - 7. Let c be w(z). Let i(b) = -b**2 - 7*b - 6. Give i(c).
6
Let r(c) = 4*c**2 + c. Suppose 8*b - 168 = 4*q + 4*b, -5*q - 4*b = 174. Let h = 37 + q. Determine r(h).
3
Let s(q) = -2*q**3 + 2*q**2 - 20 - 9*q**2 + q**3 - 2*q. Let h be s(-7). Let p(j) = -j**3 - 7*j**2 - 6*j - 7. Determine p(h).
-7
Let h(v) = -6 + 2*v**2 - 4 - v**2. Suppose -2*t + 3*t + 2*n = -7, -n = 5*t - 10. Suppose 0 = 3*d + t*f - 6, 0*d + 3*f - 6 = -5*d. Determine h(d).
-10
Suppose -3*k - 3*j + 9 = 0, 0 = -10*k + 5*k - 2*j + 12. Let x(q) = q + 1. Let z(a) = 3*a**2 - 5*a. Let n(t) = k*x(t) + z(t). Determine n(2).
8
Let h(a) = -4*a + 7. Let n = 46 + -41. Suppose -n*k + 44 - 69 = 0. What is h(k)?
27
Let v(a) be the third derivative of -a**4/6 - a**3/6 + 519*a**2. Suppose 3*w + 6 = 5*w. Suppose -9 = w*u - 0*u. What is v(u)?
11
Let p(r) = r**2 - 6. Let y = 1770 + -1769. Suppose -3*g + 8 = -5*g. Let i be (1 - y)/(g + 2). Calculate p(i).
-6
Let x(l) = 4147226*l**2 - 4147227*l**2 + 3 - 3 + 3*l. Let r be 3/9 + 8/3. Give x(r).
0
Let r(k) = k**3 - 5*k**2 - 5*k - 5. Suppose -2*x + 18 + 2 = 0. Let s(i) = -i + 12. Let y be s(x). Let w be (9/y)/(42/56). Determine r(w).
1
Let q(b) be the first derivative of -7*b - 5*b**2 - 2*b**2 + 2*b**2 + 4 + 4*b**2. What is q(-5)?
3
Let y(w) be the second derivative of -w**4/3 + w**2/2 - 152*w. Determine y(-1).
-3
Let m(f) be the first derivative of 16 + 1/2*f**2 + 0*f + 20/3*f**3. Give m(1).
21
Let f(z) = -2*z - 4. Suppose 2 - 1 = x. Let i(s) = s + 1. Let l(u) = 4*u + 2. Let g(y) = x*l(y) - 3*i(y). Let h be g(-5). Calculate f(h).
8
Suppose -5 = 4*v - 3*t - 22, 9 = 3*v - 3*t. Let h(d) = -5*d + 28. Give h(v).
-12
Let z(f) be the first derivative of -19*f**4/4 - f**3/3 - f**2/2 + f + 934. Let c be 2/(-4)